divided by 1341.
697
Calculate the remainder when 169272 is divided by 215.
67
What is the remainder when 21960650 is divided by 71?
66
Calculate the remainder when 2600073 is divided by 66668.
21
Calculate the remainder when 295117 is divided by 783.
709
What is the remainder when 41527475 is divided by 6921244?
11
What is the remainder when 3324551 is divided by 573?
5
What is the remainder when 462151 is divided by 19?
14
What is the remainder when 8144 is divided by 153?
35
Calculate the remainder when 16069685 is divided by 31.
29
What is the remainder when 964601 is divided by 20072?
1145
Calculate the remainder when 18437 is divided by 4232.
1509
What is the remainder when 102741153 is divided by 9?
6
What is the remainder when 297814 is divided by 297661?
153
Calculate the remainder when 4359795 is divided by 72.
51
Calculate the remainder when 74553 is divided by 6083.
1557
Calculate the remainder when 73406 is divided by 36701.
4
What is the remainder when 203184 is divided by 1328?
0
What is the remainder when 143612 is divided by 15951?
53
Calculate the remainder when 944129 is divided by 10173.
8213
What is the remainder when 37834293 is divided by 55?
13
Calculate the remainder when 287443655 is divided by 1116.
1115
Calculate the remainder when 79158 is divided by 115.
38
Calculate the remainder when 873428 is divided by 242.
50
Calculate the remainder when 2300972 is divided by 76659.
1202
What is the remainder when 10757544 is divided by 2568?
192
Calculate the remainder when 1705848 is divided by 100.
48
What is the remainder when 354048720 is divided by 21?
18
What is the remainder when 582541 is divided by 4535?
2061
What is the remainder when 8185647 is divided by 3?
0
Calculate the remainder when 10404892 is divided by 153013.
8
Calculate the remainder when 387502 is divided by 508.
406
What is the remainder when 14868021 is divided by 671?
3
Calculate the remainder when 1024586 is divided by 30134.
30
What is the remainder when 150147 is divided by 48?
3
What is the remainder when 3903067 is divided by 8148?
175
What is the remainder when 44228537 is divided by 9?
8
What is the remainder when 17058195 is divided by 9999?
9900
Calculate the remainder when 597374 is divided by 2315.
104
What is the remainder when 32267 is divided by 12628?
7011
Calculate the remainder when 13764932 is divided by 446.
34
Calculate the remainder when 2111618 is divided by 902.
36
Calculate the remainder when 492623 is divided by 795.
518
What is the remainder when 57289288 is divided by 35?
28
What is the remainder when 11235443 is divided by 468143?
11
What is the remainder when 1252547 is divided by 3650?
597
What is the remainder when 606661 is divided by 1618?
1529
What is the remainder when 58198 is divided by 2420?
118
What is the remainder when 227217 is divided by 113555?
107
What is the remainder when 618666 is divided by 28112?
202
What is the remainder when 4371553 is divided by 13?
4
What is the remainder when 918490 is divided by 3312?
1066
Calculate the remainder when 1656201 is divided by 400.
201
What is the remainder when 162930 is divided by 54310?
0
What is the remainder when 3882311 is divided by 144?
71
Calculate the remainder when 52479870 is divided by 48.
30
Calculate the remainder when 286548649 is divided by 2603.
2600
What is the remainder when 315454 is divided by 13421?
6771
What is the remainder when 2159426 is divided by 1464?
26
Calculate the remainder when 12723025 is divided by 2009.
28
What is the remainder when 696959 is divided by 609?
263
What is the remainder when 13003273 is divided by 358?
355
Calculate the remainder when 679085532 is divided by 1535.
1532
Calculate the remainder when 1167543 is divided by 277.
265
Calculate the remainder when 113323 is divided by 245.
133
Calculate the remainder when 452758 is divided by 322.
26
What is the remainder when 608156 is divided by 2850?
1106
What is the remainder when 29925 is divided by 9806?
507
Calculate the remainder when 691670 is divided by 230547.
29
What is the remainder when 22746113 is divided by 18?
17
What is the remainder when 1901552 is divided by 1487?
1166
What is the remainder when 414529 is divided by 1212?
25
Calculate the remainder when 11204770 is divided by 5602380.
10
What is the remainder when 99963 is divided by 8325?
63
Calculate the remainder when 1417025 is divided by 1416998.
27
What is the remainder when 92964 is divided by 581?
4
What is the remainder when 40155628 is divided by 291?
247
What is the remainder when 46106 is divided by 4307?
3036
What is the remainder when 2446200 is divided by 23?
12
Calculate the remainder when 4099 is divided by 32.
3
What is the remainder when 607571 is divided by 27?
17
Calculate the remainder when 439916 is divided by 14187.
119
Calculate the remainder when 9273028 is divided by 3090987.
67
Calculate the remainder when 145048 is divided by 4814.
628
What is the remainder when 965429 is divided by 92?
73
What is the remainder when 41209288 is divided by 3306?
3304
What is the remainder when 12297956 is divided by 231?
209
Calculate the remainder when 231610555 is divided by 274.
273
What is the remainder when 543028 is divided by 20104?
220
Calculate the remainder when 23922911 is divided by 1248.
1247
What is the remainder when 85054 is divided by 1095?
739
Calculate the remainder when 5194069 is divided by 1376.
1045
What is the remainder when 449755 is divided by 532?
215
What is the remainder when 2180728 is divided by 30287?
64
What is the remainder when 5214407 is divided by 371?
2
What is the remainder when 2680107 is divided by 2006?
91
Calculate the remainder when 1505511849 is divided by 106.
103
Calculate the remainder when 31496859 is divided by 31.
22
What is the remainder when 1718963 is divided by 44041?
1364
What is the remainder when 519018 is divided by 3285?
3273
What is the remainder when 2185388 is divided by 6?
2
What is the remainder when 20591018 is divided by 19?
15
What is the remainder when 28962971 is divided by 25906?
63
What is the remainder when 258566 is divided by 2780?
26
Calculate the remainder when 47486015 is divided by 24.
23
Calculate the remainder when 737147 is divided by 394.
367
What is the remainder when 8502120 is divided by 640?
360
What is the remainder when 550172 is divided by 36657?
317
What is the remainder when 961914 is divided by 376?
106
What is the remainder when 50109497 is divided by 114?
113
Calculate the remainder when 503981 is divided by 1349.
804
What is the remainder when 126158 is divided by 41744?
926
What is the remainder when 998094 is divided by 997946?
148
Calculate the remainder when 107617 is divided by 3054.
727
What is the remainder when 321520 is divided by 800?
720
What is the remainder when 16562877 is divided by 2932?
9
What is the remainder when 7746113 is divided by 95?
3
Calculate the remainder when 23469612 is divided by 351.
348
What is the remainder when 7317922 is divided by 7224?
10
Calculate the remainder when 269383 is divided by 2589.
127
Calculate the remainder when 39097 is divided by 38727.
370
What is the remainder when 77694 is divided by 3512?
430
What is the remainder when 398030 is divided by 65?
35
What is the remainder when 6029865 is divided by 8?
1
What is the remainder when 22981 is divided by 22884?
97
Calculate the remainder when 740482 is divided by 105779.
29
Calculate the remainder when 77811057 is divided by 6.
3
Calculate the remainder when 13491606 is divided by 2698320.
6
What is the remainder when 6915708 is divided by 295?
23
Calculate the remainder when 84286 is divided by 27686.
1228
Calculate the remainder when 95434 is divided by 2570.
344
What is the remainder when 1290769 is divided by 26342?
11
What is the remainder when 94512 is divided by 190?
82
What is the remainder when 131551 is divided by 31352?
6143
What is the remainder when 4359958 is divided by 1453274?
136
Calculate the remainder when 773814 is divided by 1332.
1254
What is the remainder when 95389 is divided by 867?
19
Calculate the remainder when 1118130 is divided by 559061.
8
What is the remainder when 308251 is divided by 5?
1
Calculate the remainder when 5991 is divided by 129.
57
What is the remai